{"version":"1.0","provider_name":"MallorcaLED","provider_url":"https:\/\/mallorcaled.com\/es\/","author_name":"dean_ranzenberger","author_url":"https:\/\/mallorcaled.com\/es\/author\/dean_ranzenberger\/","title":"Iluminaci\u00f3n interior | MallorcaLED","type":"rich","width":600,"height":338,"html":"<blockquote class=\"wp-embedded-content\" data-secret=\"R8KUAUE6iX\"><a href=\"https:\/\/mallorcaled.com\/es\/iluminacion-interior\/\">Iluminaci\u00f3n interior<\/a><\/blockquote><iframe sandbox=\"allow-scripts\" security=\"restricted\" src=\"https:\/\/mallorcaled.com\/es\/iluminacion-interior\/embed\/#?secret=R8KUAUE6iX\" width=\"600\" height=\"338\" title=\"\u00abIluminaci\u00f3n interior\u00bb \u2014 MallorcaLED\" data-secret=\"R8KUAUE6iX\" frameborder=\"0\" marginwidth=\"0\" marginheight=\"0\" scrolling=\"no\" class=\"wp-embedded-content\"><\/iframe><script type=\"text\/javascript\">\n\/* <![CDATA[ *\/\n\/*! This file is auto-generated *\/\n!function(d,l){\"use strict\";l.querySelector&&d.addEventListener&&\"undefined\"!=typeof URL&&(d.wp=d.wp||{},d.wp.receiveEmbedMessage||(d.wp.receiveEmbedMessage=function(e){var t=e.data;if((t||t.secret||t.message||t.value)&&!\/[^a-zA-Z0-9]\/.test(t.secret)){for(var s,r,n,a=l.querySelectorAll('iframe[data-secret=\"'+t.secret+'\"]'),o=l.querySelectorAll('blockquote[data-secret=\"'+t.secret+'\"]'),c=new RegExp(\"^https?:$\",\"i\"),i=0;i<o.length;i++)o[i].style.display=\"none\";for(i=0;i<a.length;i++)s=a[i],e.source===s.contentWindow&&(s.removeAttribute(\"style\"),\"height\"===t.message?(1e3<(r=parseInt(t.value,10))?r=1e3:~~r<200&&(r=200),s.height=r):\"link\"===t.message&&(r=new URL(s.getAttribute(\"src\")),n=new URL(t.value),c.test(n.protocol))&&n.host===r.host&&l.activeElement===s&&(d.top.location.href=t.value))}},d.addEventListener(\"message\",d.wp.receiveEmbedMessage,!1),l.addEventListener(\"DOMContentLoaded\",function(){for(var e,t,s=l.querySelectorAll(\"iframe.wp-embedded-content\"),r=0;r<s.length;r++)(t=(e=s[r]).getAttribute(\"data-secret\"))||(t=Math.random().toString(36).substring(2,12),e.src+=\"#?secret=\"+t,e.setAttribute(\"data-secret\",t)),e.contentWindow.postMessage({message:\"ready\",secret:t},\"*\")},!1)))}(window,document);\n\/* ]]> *\/\n<\/script>\n","description":"[vc_row full_width=\u00bbstretch_row_content_no_spaces\u00bb row_color=\u00bbbgBlack\u00bb extra=\u00bbstretched\u00bb css=\u00bb.vc_custom_1559951859790{margin-top: -100px !important;}\u00bb][vc_column extra=\u00bbnoPadding\u00bb][\/vc_column][vc_column extra=\u00bbnoPadding,clearfix\u00bb offset=\u00bbvc_col-lg-8 vc_col-md-12&#8243; css=\u00bb.vc_custom_1560071246567{background-image: url(http:\/\/mallorcaled.com\/wp-content\/uploads\/2019\/06\/garden.jpg?id=3023) !important;}\u00bb][\/vc_column][vc_column altius_col_bgcolor=\u00bbbgBlack\u00bb offset=\u00bbvc_col-lg-4&#8243;][vc_row_inner inner_row_color=\u00bbbgBlack\u00bb inner_extra=\u00bbpadding\u00bb][vc_column_inner][vc_empty_space height=\u00bb55px\u00bb][vc_empty_space height=\u00bb55px\u00bb][vc_column_text]La iluminaci\u00f3n LED para \u00e1reas interiores crea comodidad, hace que las habitaciones parezcan m\u00e1s grandes y se ajusta a la arquitectura dada. El alto \u00edndice CRI de nuestras luces de alta calidad garantiza la solidez del [&hellip;]"}

Iluminación interior | MallorcaLED

<blockquote class="wp-embedded-content" data-secret="R8KUAUE6iX"><a href="https://mallorcaled.com/es/iluminacion-interior/">Iluminación interior</a></blockquote><iframe sandbox="allow-scripts" security="restricted" src="https://mallorcaled.com/es/iluminacion-interior/embed/#?secret=R8KUAUE6iX" width="600" height="338" title="«Iluminación interior» — MallorcaLED" data-secret="R8KUAUE6iX" frameborder="0" marginwidth="0" marginheight="0" scrolling="no" class="wp-embedded-content"></iframe><script type="text/javascript">
/* <![CDATA[ */
/*! This file is auto-generated */
!function(d,l){"use strict";l.querySelector&&d.addEventListener&&"undefined"!=typeof URL&&(d.wp=d.wp||{},d.wp.receiveEmbedMessage||(d.wp.receiveEmbedMessage=function(e){var t=e.data;if((t||t.secret||t.message||t.value)&&!/[^a-zA-Z0-9]/.test(t.secret)){for(var s,r,n,a=l.querySelectorAll('iframe[data-secret="'+t.secret+'"]'),o=l.querySelectorAll('blockquote[data-secret="'+t.secret+'"]'),c=new RegExp("^https?:$","i"),i=0;i<o.length;i++)o[i].style.display="none";for(i=0;i<a.length;i++)s=a[i],e.source===s.contentWindow&&(s.removeAttribute("style"),"height"===t.message?(1e3<(r=parseInt(t.value,10))?r=1e3:~~r<200&&(r=200),s.height=r):"link"===t.message&&(r=new URL(s.getAttribute("src")),n=new URL(t.value),c.test(n.protocol))&&n.host===r.host&&l.activeElement===s&&(d.top.location.href=t.value))}},d.addEventListener("message",d.wp.receiveEmbedMessage,!1),l.addEventListener("DOMContentLoaded",function(){for(var e,t,s=l.querySelectorAll("iframe.wp-embedded-content"),r=0;r<s.length;r++)(t=(e=s[r]).getAttribute("data-secret"))||(t=Math.random().toString(36).substring(2,12),e.src+="#?secret="+t,e.setAttribute("data-secret",t)),e.contentWindow.postMessage({message:"ready",secret:t},"*")},!1)))}(window,document);
/* ]]> */
</script>

[vc_row full_width=»stretch_row_content_no_spaces» row_color=»bgBlack» extra=»stretched» css=».vc_custom_1559951859790{margin-top: -100px !important;}»][vc_column extra=»noPadding»][/vc_column][vc_column extra=»noPadding,clearfix» offset=»vc_col-lg-8 vc_col-md-12&#8243; css=».vc_custom_1560071246567{background-image: url(http://mallorcaled.com/wp-content/uploads/2019/06/garden.jpg?id=3023) !important;}»][/vc_column][vc_column altius_col_bgcolor=»bgBlack» offset=»vc_col-lg-4&#8243;][vc_row_inner inner_row_color=»bgBlack» inner_extra=»padding»][vc_column_inner][vc_empty_space height=»55px»][vc_empty_space height=»55px»][vc_column_text]La iluminación LED para áreas interiores crea comodidad, hace que las habitaciones parezcan más grandes y se ajusta a la arquitectura dada. El alto índice CRI de nuestras luces de alta calidad garantiza la solidez del [&hellip;]
